 of 981322?
2
What is the units digit of 2247078?
8
What is the hundred thousands digit of 1298899?
2
What is the tens digit of 1944674?
7
What is the units digit of 17674456?
6
What is the tens digit of 11761762?
6
What is the ten millions digit of 22997497?
2
What is the hundred thousands digit of 467070?
4
What is the units digit of 1721912?
2
What is the units digit of 13145418?
8
What is the hundreds digit of 3221947?
9
What is the hundreds digit of 637637?
6
What is the ten thousands digit of 196013?
9
What is the ten thousands digit of 7521191?
2
What is the ten thousands digit of 279407?
7
What is the ten thousands digit of 297938?
9
What is the hundreds digit of 3829939?
9
What is the tens digit of 6394364?
6
What is the hundred thousands digit of 877313?
8
What is the tens digit of 651279?
7
What is the millions digit of 6562842?
6
What is the hundreds digit of 2450549?
5
What is the hundreds digit of 4703331?
3
What is the ten thousands digit of 1411001?
1
What is the ten thousands digit of 129513?
2
What is the tens digit of 11139117?
1
What is the millions digit of 1240583?
1
What is the hundreds digit of 1003941?
9
What is the units digit of 30726934?
4
What is the hundreds digit of 174939?
9
What is the millions digit of 7324140?
7
What is the units digit of 790295?
5
What is the thousands digit of 211021?
1
What is the hundred thousands digit of 602982?
6
What is the tens digit of 573305?
0
What is the tens digit of 4566156?
5
What is the hundreds digit of 6683727?
7
What is the thousands digit of 4400796?
0
What is the ten thousands digit of 10368772?
6
What is the hundred thousands digit of 242883?
2
What is the units digit of 130172?
2
What is the thousands digit of 1061824?
1
What is the ten millions digit of 24579261?
2
What is the units digit of 1251592?
2
What is the hundreds digit of 190726?
7
What is the hundred thousands digit of 247408?
2
What is the units digit of 3078782?
2
What is the hundreds digit of 22323?
3
What is the millions digit of 10547057?
0
What is the tens digit of 1333452?
5
What is the millions digit of 5633829?
5
What is the millions digit of 3769345?
3
What is the hundred thousands digit of 8709204?
7
What is the units digit of 881021?
1
What is the hundreds digit of 1311392?
3
What is the units digit of 135176?
6
What is the ten thousands digit of 656067?
5
What is the tens digit of 3711393?
9
What is the hundreds digit of 5040526?
5
What is the tens digit of 590482?
8
What is the hundred thousands digit of 383108?
3
What is the hundreds digit of 16191786?
7
What is the tens digit of 85949?
4
What is the hundred thousands digit of 171557?
1
What is the thousands digit of 892742?
2
What is the ten thousands digit of 619181?
1
What is the units digit of 2784691?
1
What is the thousands digit of 27209700?
9
What is the tens digit of 376390?
9
What is the thousands digit of 144624?
4
What is the ten millions digit of 20103916?
2
What is the units digit of 559178?
8
What is the tens digit of 58472?
7
What is the units digit of 213246?
6
What is the hundred thousands digit of 11416517?
4
What is the ten millions digit of 21163581?
2
What is the thousands digit of 98424?
8
What is the hundred thousands digit of 10492928?
4
What is the ten thousands digit of 9148703?
4
What is the hundred thousands digit of 1200105?
2
What is the thousands digit of 317109?
7
What is the hundreds digit of 1824751?
7
What is the hundred thousands digit of 8063622?
0
What is the units digit of 25658?
8
What is the hundred thousands digit of 111102?
1
What is the hundred thousands digit of 1014686?
0
What is the ten thousands digit of 279580?
7
What is the hundreds digit of 1635104?
1
What is the units digit of 125386?
6
What is the ten thousands digit of 84343?
8
What is the tens digit of 126854?
5
What is the hundreds digit of 28959524?
5
What is the hundred thousands digit of 529063?
5
What is the hundred thousands digit of 316862?
3
What is the hundred thousands digit of 979759?
9
What is the units digit of 2952739?
9
What is the millions digit of 1182318?
1
What is the thousands digit of 128921?
8
What is the units digit of 31692066?
6
What is the hundreds digit of 127471?
4
What is the hundreds digit of 1474748?
7
What is the hundred thousands digit of 2390276?
3
What is the millions digit of 2492630?
2
What is the hundred thousands digit of 4065926?
0
What is the tens digit of 11535133?
3
What is the ten thousands digit of 13679474?
7
What is the units digit of 192613?
3
What is the units digit of 570150?
0
What is the tens digit of 24292069?
6
What is the tens digit of 2493505?
0
What is the ten thousands digit of 312653?
1
What is the ten thousands digit of 2952817?
5
What is the tens digit of 3791458?
5
What is the tens digit of 3554184?
8
What is the hundreds digit of 629769?
7
What is the units digit of 1668458?
8
What is the hundreds digit of 214705?
7
What is the tens digit of 6281672?
7
What is the hundred thousands digit of 5211734?
2
What is the hundreds digit of 651602?
6
What is the thousands digit of 472534?
2
What is the hundreds digit of 3781963?
9
What is the thousands digit of 766667?
6
What is the tens digit of 572892?
9
What is the hundreds digit of 1713358?
3
What is the hundreds digit of 3140230?
2
What is the thousands digit of 1360056?
0
What is the units digit of 12071?
1
What is the units digit of 2365254?
4
What is the tens digit of 5664178?
7
What is the hundred thousands digit of 366952?
3
What is the hundreds digit of 14865585?
5
What is the thousands digit of 4471622?
1
What is the thousands digit of 37827?
7
What is the thousands digit of 3510589?
0
What is the ten thousands digit of 3021714?
2
What is the millions digit of 2929973?
2
What is the ten thousands digit of 2111619?
1
What is the millions digit of 5831785?
5
What is the tens digit of 1535527?
2
What is the ten thousands digit of 564593?
6
What is the hundred thousands digit of 560173?
5
What is the tens digit of 1212985?
8
What is the units digit of 127013?
3
What is the units digit of 8812380?
0
What is the millions digit of 10609615?
0
What is the ten thousands digit of 392645?
9
What is the units digit of 517635?
5
What is the tens digit of 8011521?
2
What is the units digit of 8829797?
7
What is the ten thousands digit of 8142101?
4
What is the units digit of 467921?
1
What is the ten thousands digit of 111831?
1
What is the tens digit of 973735?
3
What is the hundreds digit of 3413266?
2
What is the units digit of 3088776?
6
What is the tens digit of 2246178?
7
What is the millions digit of 14381706?
4
What is the thousands digit of 168571?
8
What is the tens digit of 6088064?
6
What is the hundreds digit of 118531?
5
What is the thousands digit of 393598?
3
What is the thousands digit of 1903647?
3
What is the units digit of 356677?
7
What is the hundred thousands digit of 23254120?
2
What is the ten thousands digit of 10623290?
2
What is the ten thousands digit of 235946?
3
What is the millions digit of 13259514?
3
What is the thousands digit of 639105?
9
What is the ten thousands digit of 25766500?
6
What is the thousands digit of 432226?
2
What is the hundreds digit of 6442?
4
What is the thousands digit of 339938?
9
What is the hundred thousands digit of 135814?
1
What is the ten thousands digit of 2826032?
2
What is the tens digit of 4987126?
2
What is the thousands digit of 308601?
8
What is the hundred thousands digit of 4975807?
9
What is the tens digit of 15255061?
6
What is the thousands digit of 226632?
6
What is the units digit of 162483?
3
What is the ten thousands digit of 2265124?
6
What is the thousands digit of 30385?
0
What is the hundreds digit of 412943?
9
What is the tens digit of 68305?
0
What is the tens digit of 372604?
0
What is the ten millions digit of 22995919?
2
What is the ten thousands digit of 731958?
3
What is the units digit of 15747229?
9
What is the units digit of 12066571?
1
What is the thousands digit of 1726003?
6
What is the units digit of 245743?
3
What is the hundreds digit of 595009?
0
What is the millions digit of 16215305?
6
What is the tens digit of 1814924?
2
What is the tens digit of 1794034?
3
What is the hundreds digit of 483736?
7
What is the hundreds digit of 2688